{"id":402,"date":"2024-08-02T11:39:53","date_gmt":"2024-08-02T11:39:53","guid":{"rendered":"https:\/\/wingsclaim.com\/?page_id=402"},"modified":"2024-08-02T12:13:12","modified_gmt":"2024-08-02T12:13:12","slug":"faqs","status":"publish","type":"page","link":"https:\/\/wingsclaim.com\/index.php\/faqs\/","title":{"rendered":"FAQs"},"content":{"rendered":"\t\t<div data-elementor-type=\"wp-page\" data-elementor-id=\"402\" class=\"elementor elementor-402\" data-elementor-post-type=\"page\">\n\t\t\t\t<div class=\"elementor-element elementor-element-7f5ff3b e-flex e-con-boxed e-con e-parent\" data-id=\"7f5ff3b\" data-element_type=\"container\" data-e-type=\"container\">\n\t\t\t\t\t<div class=\"e-con-inner\">\n\t\t\t\t<div class=\"elementor-element elementor-element-4b1d17a elementor-widget elementor-widget-heading\" data-id=\"4b1d17a\" data-element_type=\"widget\" data-e-type=\"widget\" data-widget_type=\"heading.default\">\n\t\t\t\t<div class=\"elementor-widget-container\">\n\t\t\t\t\t<h2 class=\"elementor-heading-title elementor-size-default\">FAQs<\/h2>\t\t\t\t<\/div>\n\t\t\t\t<\/div>\n\t\t\t\t\t<\/div>\n\t\t\t\t<\/div>\n\t\t<div class=\"elementor-element elementor-element-4501c45 e-flex e-con-boxed e-con e-parent\" data-id=\"4501c45\" data-element_type=\"container\" data-e-type=\"container\">\n\t\t\t\t\t<div class=\"e-con-inner\">\n\t\t\t\t<div class=\"elementor-element elementor-element-e559895 elementor-widget__width-initial elementor-widget elementor-widget-shortcode\" data-id=\"e559895\" data-element_type=\"widget\" data-e-type=\"widget\" data-widget_type=\"shortcode.default\">\n\t\t\t\t<div class=\"elementor-widget-container\">\n\t\t\t\t\t\t\t<div class=\"elementor-shortcode\"><style>#sp-ea-401 .spcollapsing { height: 0; overflow: hidden; transition-property: height;transition-duration: 300ms;}#sp-ea-401.sp-easy-accordion>.sp-ea-single {margin-bottom: 10px; border: 1px solid #e2e2e2; }#sp-ea-401.sp-easy-accordion>.sp-ea-single>.ea-header a {color: #faebd7;}#sp-ea-401.sp-easy-accordion>.sp-ea-single>.sp-collapse>.ea-body {background: #fff; color: #444;}#sp-ea-401.sp-easy-accordion>.sp-ea-single {background: #0a0a0a;}#sp-ea-401.sp-easy-accordion>.sp-ea-single>.ea-header a .ea-expand-icon { float: left; color: #000000;font-size: 16px;}<\/style><div id=\"sp_easy_accordion-1722597632\"><div id=\"sp-ea-401\" class=\"sp-ea-one sp-easy-accordion\" data-ea-active=\"ea-click\" data-ea-mode=\"vertical\" data-preloader=\"\" data-scroll-active-item=\"\" data-offset-to-scroll=\"0\"><div class=\"ea-card ea-expand sp-ea-single\"><h3 class=\"ea-header\"><a class=\"collapsed\" id=\"ea-header-4010\" role=\"button\" data-sptoggle=\"spcollapse\" data-sptarget=\"#collapse4010\" aria-controls=\"collapse4010\" href=\"#\" aria-expanded=\"true\" tabindex=\"0\"><i aria-hidden=\"true\" role=\"presentation\" class=\"ea-expand-icon eap-icon-ea-expand-minus\"><\/i> Chi siamo e cosa facciamo?<\/a><\/h3><div class=\"sp-collapse spcollapse collapsed show\" id=\"collapse4010\" data-parent=\"#sp-ea-401\" role=\"region\" aria-labelledby=\"ea-header-4010\"> <div class=\"ea-body\"><p><i>Wingsclaim<\/i>\u00a0nasce dal desiderio di due professionisti del settore aeronautico di aiutare i viaggiatori di tutto il mondo. Con prezzi concorrenziali e un forte impegno per la giustizia, ci siamo posti l\u2019obiettivo di far valere i diritti dei passeggeri, trasformando ogni disavventura in un\u2019esperienza positiva.<\/p><\/div><\/div><\/div><div class=\"ea-card sp-ea-single\"><h3 class=\"ea-header\"><a class=\"collapsed\" id=\"ea-header-4011\" role=\"button\" data-sptoggle=\"spcollapse\" data-sptarget=\"#collapse4011\" aria-controls=\"collapse4011\" href=\"#\" aria-expanded=\"false\" tabindex=\"0\"><i aria-hidden=\"true\" role=\"presentation\" class=\"ea-expand-icon eap-icon-ea-expand-plus\"><\/i> Orari e Contatti<\/a><\/h3><div class=\"sp-collapse spcollapse \" id=\"collapse4011\" data-parent=\"#sp-ea-401\" role=\"region\" aria-labelledby=\"ea-header-4011\"> <div class=\"ea-body\"><p>Siamo disponibili 24\/7.<\/p><p>Ci potete contattare in ogni momento tramite il form nella homepage del sito. Inoltre ci potete scrivere via e-mail e attraverso le nostre pagine social, recapiti che potete trovare nella pagina\u00a0 <a href=\"https:\/\/wingsclaim.com\/index.php\/contatti\/\">Contatti.<\/a><\/p><\/div><\/div><\/div><div class=\"ea-card sp-ea-single\"><h3 class=\"ea-header\"><a class=\"collapsed\" id=\"ea-header-4012\" role=\"button\" data-sptoggle=\"spcollapse\" data-sptarget=\"#collapse4012\" aria-controls=\"collapse4012\" href=\"#\" aria-expanded=\"false\" tabindex=\"0\"><i aria-hidden=\"true\" role=\"presentation\" class=\"ea-expand-icon eap-icon-ea-expand-plus\"><\/i> Quali tipi di ritardi o cancellazioni di volo sono idonei per il risarcimento?<\/a><\/h3><div class=\"sp-collapse spcollapse \" id=\"collapse4012\" data-parent=\"#sp-ea-401\" role=\"region\" aria-labelledby=\"ea-header-4012\"> <div class=\"ea-body\"><p>I voli che subiscono ritardi di oltre 3 ore o che vengono cancellati senza un preavviso adeguato potrebbero essere idonei per il risarcimento, in base alla normativa europea (Regolamento CE 261\/2004) e altre normative applicabili.<\/p><\/div><\/div><\/div><div class=\"ea-card sp-ea-single\"><h3 class=\"ea-header\"><a class=\"collapsed\" id=\"ea-header-4013\" role=\"button\" data-sptoggle=\"spcollapse\" data-sptarget=\"#collapse4013\" aria-controls=\"collapse4013\" href=\"#\" aria-expanded=\"false\" tabindex=\"0\"><i aria-hidden=\"true\" role=\"presentation\" class=\"ea-expand-icon eap-icon-ea-expand-plus\"><\/i> Quali documenti sono necessari per presentare una richiesta di risarcimento?<\/a><\/h3><div class=\"sp-collapse spcollapse \" id=\"collapse4013\" data-parent=\"#sp-ea-401\" role=\"region\" aria-labelledby=\"ea-header-4013\"> <div class=\"ea-body\"><p>I documenti necessari per la richiesta sono: la carta d'imbarco, in cui sono presenti i dati principali come il numero del volo, la data e i dati del passeggero.<\/p><p>Se necessario, eventuali e-mail ricevute dalla compagnia aerea per cancellazione o ritardo.<\/p><\/div><\/div><\/div><div class=\"ea-card sp-ea-single\"><h3 class=\"ea-header\"><a class=\"collapsed\" id=\"ea-header-4014\" role=\"button\" data-sptoggle=\"spcollapse\" data-sptarget=\"#collapse4014\" aria-controls=\"collapse4014\" href=\"#\" aria-expanded=\"false\" tabindex=\"0\"><i aria-hidden=\"true\" role=\"presentation\" class=\"ea-expand-icon eap-icon-ea-expand-plus\"><\/i> Quanto tempo ci vuole per ottenere il risarcimento?<\/a><\/h3><div class=\"sp-collapse spcollapse \" id=\"collapse4014\" data-parent=\"#sp-ea-401\" role=\"region\" aria-labelledby=\"ea-header-4014\"> <div class=\"ea-body\"><p>Il tempo necessario pu\u00f2 variare, ma generalmente il processo pu\u00f2 richiedere da qualche settimana a diversi mesi, a seconda della complessit\u00e0 del caso e della collaborazione della compagnia aerea.<br \/>Il nostro obiettivo e il nostro impegno sono mirati nel rendere il pi\u00f9 breve possibile la procedura di risarcimento.<\/p><\/div><\/div><\/div><div class=\"ea-card sp-ea-single\"><h3 class=\"ea-header\"><a class=\"collapsed\" id=\"ea-header-4015\" role=\"button\" data-sptoggle=\"spcollapse\" data-sptarget=\"#collapse4015\" aria-controls=\"collapse4015\" href=\"#\" aria-expanded=\"false\" tabindex=\"0\"><i aria-hidden=\"true\" role=\"presentation\" class=\"ea-expand-icon eap-icon-ea-expand-plus\"><\/i> Posso richiedere un risarcimento per un volo di qualche anno fa?<\/a><\/h3><div class=\"sp-collapse spcollapse \" id=\"collapse4015\" data-parent=\"#sp-ea-401\" role=\"region\" aria-labelledby=\"ea-header-4015\"> <div class=\"ea-body\"><p>S\u00ec, generalmente \u00e8 possibile richiedere il risarcimento fino a 3 anni dopo la data del volo, ma questo periodo pu\u00f2 variare in base alla giurisdizione.<\/p><\/div><\/div><\/div><div class=\"ea-card sp-ea-single\"><h3 class=\"ea-header\"><a class=\"collapsed\" id=\"ea-header-4016\" role=\"button\" data-sptoggle=\"spcollapse\" data-sptarget=\"#collapse4016\" aria-controls=\"collapse4016\" href=\"#\" aria-expanded=\"false\" tabindex=\"0\"><i aria-hidden=\"true\" role=\"presentation\" class=\"ea-expand-icon eap-icon-ea-expand-plus\"><\/i> Cosa succede se il mio volo \u00e8 stato cancellato a causa di circostanze straordinarie?<\/a><\/h3><div class=\"sp-collapse spcollapse \" id=\"collapse4016\" data-parent=\"#sp-ea-401\" role=\"region\" aria-labelledby=\"ea-header-4016\"> <div class=\"ea-body\"><p>Se il volo \u00e8 stato cancellato a causa di circostanze straordinarie (es. maltempo, disordini politici, emergenze sanitarie), potresti non avere diritto al risarcimento, ma ogni caso viene valutato singolarmente.<\/p><p>&nbsp;<\/p><\/div><\/div><\/div><\/div><\/div><\/div>\n\t\t\t\t\t\t<\/div>\n\t\t\t\t<\/div>\n\t\t\t\t\t<\/div>\n\t\t\t\t<\/div>\n\t\t\t\t<\/div>\n\t\t","protected":false},"excerpt":{"rendered":"<p>FAQs<\/p>\n","protected":false},"author":1,"featured_media":0,"parent":0,"menu_order":0,"comment_status":"closed","ping_status":"closed","template":"","meta":{"site-sidebar-layout":"no-sidebar","site-content-layout":"","ast-site-content-layout":"full-width-container","site-content-style":"default","site-sidebar-style":"default","ast-global-header-display":"","ast-banner-title-visibility":"","ast-main-header-display":"","ast-hfb-above-header-display":"","ast-hfb-below-header-display":"","ast-hfb-mobile-header-display":"","site-post-title":"disabled","ast-breadcrumbs-content":"","ast-featured-img":"disabled","footer-sml-layout":"","ast-disable-related-posts":"","theme-transparent-header-meta":"","adv-header-id-meta":"","stick-header-meta":"","header-above-stick-meta":"","header-main-stick-meta":"","header-below-stick-meta":"","astra-migrate-meta-layouts":"default","ast-page-background-enabled":"default","ast-page-background-meta":{"desktop":{"background-color":"var(--ast-global-color-4)","background-image":"","background-repeat":"repeat","background-position":"center center","background-size":"auto","background-attachment":"scroll","background-type":"","background-media":"","overlay-type":"","overlay-color":"","overlay-opacity":"","overlay-gradient":""},"tablet":{"background-color":"","background-image":"","background-repeat":"repeat","background-position":"center center","background-size":"auto","background-attachment":"scroll","background-type":"","background-media":"","overlay-type":"","overlay-color":"","overlay-opacity":"","overlay-gradient":""},"mobile":{"background-color":"","background-image":"","background-repeat":"repeat","background-position":"center center","background-size":"auto","background-attachment":"scroll","background-type":"","background-media":"","overlay-type":"","overlay-color":"","overlay-opacity":"","overlay-gradient":""}},"ast-content-background-meta":{"desktop":{"background-color":"var(--ast-global-color-5)","background-image":"","background-repeat":"repeat","background-position":"center center","background-size":"auto","background-attachment":"scroll","background-type":"","background-media":"","overlay-type":"","overlay-color":"","overlay-opacity":"","overlay-gradient":""},"tablet":{"background-color":"var(--ast-global-color-5)","background-image":"","background-repeat":"repeat","background-position":"center center","background-size":"auto","background-attachment":"scroll","background-type":"","background-media":"","overlay-type":"","overlay-color":"","overlay-opacity":"","overlay-gradient":""},"mobile":{"background-color":"var(--ast-global-color-5)","background-image":"","background-repeat":"repeat","background-position":"center center","background-size":"auto","background-attachment":"scroll","background-type":"","background-media":"","overlay-type":"","overlay-color":"","overlay-opacity":"","overlay-gradient":""}},"footnotes":""},"class_list":["post-402","page","type-page","status-publish","hentry"],"_links":{"self":[{"href":"https:\/\/wingsclaim.com\/index.php\/wp-json\/wp\/v2\/pages\/402","targetHints":{"allow":["GET"]}}],"collection":[{"href":"https:\/\/wingsclaim.com\/index.php\/wp-json\/wp\/v2\/pages"}],"about":[{"href":"https:\/\/wingsclaim.com\/index.php\/wp-json\/wp\/v2\/types\/page"}],"author":[{"embeddable":true,"href":"https:\/\/wingsclaim.com\/index.php\/wp-json\/wp\/v2\/users\/1"}],"replies":[{"embeddable":true,"href":"https:\/\/wingsclaim.com\/index.php\/wp-json\/wp\/v2\/comments?post=402"}],"version-history":[{"count":10,"href":"https:\/\/wingsclaim.com\/index.php\/wp-json\/wp\/v2\/pages\/402\/revisions"}],"predecessor-version":[{"id":417,"href":"https:\/\/wingsclaim.com\/index.php\/wp-json\/wp\/v2\/pages\/402\/revisions\/417"}],"wp:attachment":[{"href":"https:\/\/wingsclaim.com\/index.php\/wp-json\/wp\/v2\/media?parent=402"}],"curies":[{"name":"wp","href":"https:\/\/api.w.org\/{rel}","templated":true}]}}